s 22739102069 prime?
True
Is 8902961 composite?
False
Is 198429337 prime?
True
Is 6768347 a prime number?
True
Is 235755821 composite?
True
Is 419687403 prime?
False
Is 96378481487 prime?
False
Is 9155848099 a prime number?
False
Is 115168466909 prime?
False
Is 6930913681 a composite number?
False
Is 20123577007 prime?
True
Is 16330147 composite?
False
Is 7934995291 prime?
True
Is 69086554 composite?
True
Is 1720432097 a composite number?
True
Is 35281828139 composite?
True
Is 21675049399 prime?
True
Is 60090770203 prime?
True
Is 646709803 composite?
False
Is 94763660639 a prime number?
False
Is 1932192739 composite?
False
Is 143668241 a prime number?
False
Is 28026565739 a prime number?
True
Is 852539531 prime?
True
Is 32660454661 prime?
False
Is 187394699 a prime number?
True
Is 859513969 a composite number?
True
Is 541898521 prime?
True
Is 272947583 prime?
True
Is 46481827631 a prime number?
True
Is 10538809663 composite?
False
Is 5082002977 a prime number?
False
Is 12129339413 a prime number?
True
Is 1946287793 a composite number?
False
Is 59232474923 prime?
True
Is 25245711907 prime?
False
Is 15617929279 prime?
True
Is 127171848689 prime?
False
Is 507923681 composite?
False
Is 119035933 a composite number?
True
Is 15025902769 prime?
True
Is 4632528523 composite?
True
Is 39793784533 a prime number?
True
Is 7178975623 prime?
True
Is 34697844017 composite?
True
Is 14183139317 prime?
True
Is 719176889 prime?
True
Is 249830453 a prime number?
False
Is 3075451585 a composite number?
True
Is 235071601 prime?
True
Is 112893477533 composite?
False
Is 14488825291 composite?
True
Is 71017506761 a composite number?
True
Is 30631166729 prime?
False
Is 4122285379 prime?
True
Is 37766926741 a prime number?
True
Is 14707849643 a composite number?
False
Is 2959732051 prime?
False
Is 5859964199 composite?
True
Is 25804529923 a prime number?
True
Is 235225219 prime?
True
Is 63416647369 a prime number?
True
Is 370445821 a composite number?
False
Is 13647958321 a prime number?
True
Is 1624506431 a prime number?
False
Is 16642571 a prime number?
False
Is 3524457659 composite?
False
Is 102407411 composite?
False
Is 78429930307 a composite number?
True
Is 2218399499 a prime number?
False
Is 82649302303 prime?
True
Is 146767013 a prime number?
True
Is 7562435743 a composite number?
True
Is 4235713333 a composite number?
False
Is 1134922129 composite?
True
Is 757263803 composite?
False
Is 50951325119 prime?
True
Is 210167593 a prime number?
True
Is 546368689 a composite number?
True
Is 1795485269 a prime number?
True
Is 1345958891 composite?
False
Is 31131595043 prime?
True
Is 4362480413 composite?
True
Is 5542934623 a prime number?
False
Is 33333955 a prime number?
False
Is 54935435697 composite?
True
Is 2085784667 a composite number?
True
Is 13620889 prime?
True
Is 80325757 composite?
False
Is 944650171 composite?
True
Is 655325521 a prime number?
False
Is 212990979 a prime number?
False
Is 77656585 a composite number?
True
Is 30138355642 a prime number?
False
Is 5421689411 prime?
True
Is 41319314143 a composite number?
False
Is 68772790321 a prime number?
True
Is 6115711957 composite?
True
Is 11364329063 composite?
True
Is 2986704023 composite?
True
Is 1317465607 a composite number?
False
Is 3833357503 composite?
False
Is 3843220295 composite?
True
Is 108475226731 a prime number?
False
Is 77995741643 a composite number?
False
Is 5343005953 prime?
True
Is 304701801 a composite number?
True
Is 2465899001 a prime number?
False
Is 77429741 a composite number?
True
Is 153837479 a prime number?
False
Is 1657384691 prime?
True
Is 1477750247 a prime number?
True
Is 1193615807 a prime number?
False
Is 283407997 prime?
False
Is 2362527353 prime?
True
Is 29596899 a composite number?
True
Is 12380995639 a composite number?
True
Is 277122737 composite?
True
Is 11451432731 composite?
True
Is 340915541 composite?
False
Is 45976310041 composite?
False
Is 26866904999 prime?
False
Is 11005200703 a prime number?
False
Is 25392195649 a prime number?
False
Is 11028335551 a composite number?
True
Is 3759115453 prime?
False
Is 2188496183 prime?
True
Is 2542857307 a composite number?
False
Is 208708295465 composite?
True
Is 48823585003 a composite number?
False
Is 122301348389 prime?
False
Is 12046533221 a prime number?
True
Is 8729396246 a composite number?
True
Is 5297264759 composite?
False
Is 7121242897 composite?
True
Is 16153050539 composite?
False
Is 1497922561 a composite number?
False
Is 9949500543 composite?
True
Is 289364207 prime?
False
Is 913028551 prime?
True
Is 6150008677 a prime number?
True
Is 2837937761 a composite number?
False
Is 116059054039 a prime number?
False
Is 65397413 a composite number?
True
Is 701173003 a prime number?
True
Is 453755647 a composite number?
False
Is 7409304811 composite?
False
Is 1185484219 prime?
True
Is 4178091349 a prime number?
True
Is 8597715299 a composite number?
False
Is 266733637 prime?
False
Is 22793174671 a prime number?
False
Is 74329757717 prime?
True
Is 962722289 a prime number?
False
Is 3790847699 prime?
True
Is 132847051933 composite?
True
Is 9497701 a composite number?
True
Is 50549815619 a prime number?
False
Is 209735563 prime?
False
Is 470597957 prime?
True
Is 1565744459 a prime number?
True
Is 254502667 prime?
True
Is 383622289 a composite number?
True
Is 27419945477 a prime number?
True
Is 22179574139 prime?
True
Is 11521792349 a composite number?
True
Is 4274056877 a composite number?
True
Is 2852613529 a prime number?
False
Is 389771989 composite?
False
Is 95175841 prime?
True
Is 215042384981 a composite number?
False
Is 2933459297 composite?
False
Is 7038434947 a composite number?
True
Is 388725817 a prime number?
True
Is 8021320549 composite?
True
Is 4220273455 a composite number?
True
Is 52778776153 a prime number?
True
Is 3038611 a prime number?
False
Is 2493751 a prime number?
False
Is 4031930621 composite?
False
Is 9535791787 composite?
False
Is 4009201013 a composite number?
False
Is 10707593227 a composite number?
False
Is 4918935583 a prime number?
False
Is 46355201003 a composite number?
True
Is 679992659 a composite number?
False
Is 16752711853 composite?
True
Is 185702268649 a prime number?
True
Is 35681677873 a prime number?
True
Is 1914235171 composite?
True
Is 8246955421 composite?
False
Is 1554564877 a prime number?
True
Is 10205059621 a composite number?
True
Is 1276474813 a prime number?
True
Is 53385362053 composite?
False
Is 2302464677 a composite number?
False
Is 5162685107 prime?
True
Is 6187185827 prime?
True
Is 5975270513 a composite number?
True
Is 10689157571 composite?
False
Is 8122487253 composite?
True
Is 1189840559 composite?
True
Is 69031904999 prime?
True
Is 735862847 a composite number?
True
Is 2508638309 a composite number?
False
Is 259806983 a composite number?
False
Is 13453874113 a composite number?
False
Is 2985674429 a prime number?
True
Is 5765354081 prime?
True
Is 1184147423 a composite number?
False
Is 5903706089 a composite number?
False
Is 16550637491 prime?
False
Is 898654079 a composite number?
False
Is 276357611 a composite number?
True
Is 8618506901 composite?
False
Is 82822995713 composite?
False
Is 773906873 a prime number?
True
Is 319040119 a composite number?
False
Is 27805906523 a composite number?
False
Is 20243416933 a composite number?
False
Is 24441537143 composite?
True
Is 276712671761 prime?
True
Is 20951567803 composite?
False
Is 52823900009 a composite number?
False
Is 623000099 prime?
False
Is 30849683 a prime number?
True
Is 4455029819 a prime number?
False
Is 65189651497 composite?
False
Is 1032032081 a composite number?
False
Is 128344471301 a prime number?
True
Is 20276688199 a composite number?
False
Is 109672194547 a composite number?
False
Is 1551271757 composite?
True
Is 591805871 a composite number?
True
Is 394311911 a composite number?
True
Is 215683487 a prime number?
True
Is 44256358253 composite?
True
Is 939346069 a composite number?
False
Is 67488371923 a composite number?
True
Is 113002157181 prime?
False
Is 1201287767 a prime number?
True
Is 2590982995 composite?
True
Is 1618118627 a prime number?
True
Is 1713395671 prime?
False
Is 144343280779 a prime number?
True
Is 4248430937 a composite number?
False
Is 181325171 prime?
False
Is 3